emainder when 1247341 is divided by 21876.
409
What is the remainder when 490095 is divided by 10210?
15
What is the remainder when 4962322 is divided by 6643?
1
What is the remainder when 17353286 is divided by 778?
774
What is the remainder when 795242 is divided by 23346?
1478
Calculate the remainder when 111680 is divided by 27918.
8
Calculate the remainder when 1454790 is divided by 727373.
44
What is the remainder when 345844 is divided by 2?
0
Calculate the remainder when 4754543 is divided by 1972.
51
Calculate the remainder when 1768510 is divided by 1229.
1208
What is the remainder when 14461890 is divided by 657358?
14
Calculate the remainder when 274265 is divided by 86.
11
What is the remainder when 3108411 is divided by 1554192?
27
What is the remainder when 3427074 is divided by 1716?
222
Calculate the remainder when 108724 is divided by 54333.
58
Calculate the remainder when 30118768 is divided by 109.
106
Calculate the remainder when 977931 is divided by 8082.
9
What is the remainder when 3626248 is divided by 579?
550
Calculate the remainder when 66929548 is divided by 101102.
24
Calculate the remainder when 89419 is divided by 204.
67
What is the remainder when 63889 is divided by 31256?
1377
What is the remainder when 2570659 is divided by 2570658?
1
Calculate the remainder when 64018 is divided by 1680.
178
Calculate the remainder when 20650827 is divided by 15.
12
What is the remainder when 115191295 is divided by 117?
115
Calculate the remainder when 7035 is divided by 37.
5
What is the remainder when 115446 is divided by 10?
6
What is the remainder when 41175 is divided by 13202?
1569
Calculate the remainder when 232562 is divided by 2001.
446
Calculate the remainder when 10722758 is divided by 1775.
1758
What is the remainder when 1235758 is divided by 164?
18
Calculate the remainder when 24051 is divided by 790.
351
Calculate the remainder when 42691027 is divided by 671.
665
What is the remainder when 6384405 is divided by 108210?
15
Calculate the remainder when 14125072 is divided by 4.
0
What is the remainder when 762986 is divided by 1249?
1096
Calculate the remainder when 173361434 is divided by 963119.
14
What is the remainder when 250264 is divided by 239?
31
What is the remainder when 103083 is divided by 102660?
423
Calculate the remainder when 76762 is divided by 10273.
4851
Calculate the remainder when 119202 is divided by 32.
2
Calculate the remainder when 7934547 is divided by 791.
26
Calculate the remainder when 330215 is divided by 13310.
10775
Calculate the remainder when 3713804 is divided by 48.
44
What is the remainder when 23234 is divided by 2141?
1824
Calculate the remainder when 82548 is divided by 27063.
1359
What is the remainder when 206637 is divided by 22?
13
Calculate the remainder when 143943 is divided by 746.
711
What is the remainder when 4716018 is divided by 803?
802
What is the remainder when 2018622 is divided by 44852?
282
Calculate the remainder when 65409 is divided by 1996.
1537
Calculate the remainder when 1951905 is divided by 5812.
4885
What is the remainder when 1137347 is divided by 1392?
83
Calculate the remainder when 5850816 is divided by 34.
28
What is the remainder when 788601 is divided by 788587?
14
Calculate the remainder when 573187 is divided by 1368.
1363
What is the remainder when 6375031 is divided by 1098?
43
What is the remainder when 48591019 is divided by 12147739?
63
Calculate the remainder when 172362 is divided by 57.
51
Calculate the remainder when 328699 is divided by 162507.
3685
What is the remainder when 43785245 is divided by 1684047?
23
Calculate the remainder when 45240182 is divided by 692.
682
What is the remainder when 1926 is divided by 1298?
628
Calculate the remainder when 71067 is divided by 54.
3
What is the remainder when 16618 is divided by 5139?
1201
What is the remainder when 840504 is divided by 418716?
3072
Calculate the remainder when 1551540 is divided by 26.
16
What is the remainder when 143478799 is divided by 200?
199
Calculate the remainder when 17294128 is divided by 194.
192
What is the remainder when 23336 is divided by 2566?
242
What is the remainder when 166115 is divided by 3991?
2484
What is the remainder when 203919 is divided by 995?
939
Calculate the remainder when 44702 is divided by 21625.
1452
What is the remainder when 242035 is divided by 572?
79
What is the remainder when 2409018 is divided by 2014?
274
What is the remainder when 199370 is divided by 9630?
6770
Calculate the remainder when 1332196 is divided by 270.
16
Calculate the remainder when 3541062 is divided by 295084.
54
What is the remainder when 195814 is divided by 32622?
82
What is the remainder when 8678 is divided by 3898?
882
Calculate the remainder when 22453395 is divided by 43.
42
Calculate the remainder when 3706310 is divided by 281.
201
What is the remainder when 350489 is divided by 73?
16
Calculate the remainder when 27394652 is divided by 2021.
2018
Calculate the remainder when 2502319 is divided by 1538.
1531
What is the remainder when 3028734 is divided by 1009547?
93
What is the remainder when 85919 is divided by 722?
1
What is the remainder when 2483897 is divided by 2483456?
441
What is the remainder when 440229 is divided by 73355?
99
What is the remainder when 2675946 is divided by 25?
21
What is the remainder when 306809 is divided by 1665?
449
Calculate the remainder when 10543320 is divided by 3361.
3224
Calculate the remainder when 208786 is divided by 614.
26
Calculate the remainder when 6639336 is divided by 67748.
32
Calculate the remainder when 117258901 is divided by 235.
11
What is the remainder when 9813859 is divided by 817819?
31
What is the remainder when 46452994 is divided by 4120?
4114
Calculate the remainder when 247931 is divided by 761.
606
What is the remainder when 26816 is divided by 2616?
656
Calculate the remainder when 41717492 is divided by 125.
117
What is the remainder when 506845 is divided by 2103?
22
What is the remainder when 3118237 is divided by 1380?
817
Calculate the remainder when 224946124 is divided by 3145.
3144
Calculate the remainder when 838024 is divided by 217.
187
What is the remainder when 10535879 is divided by 658491?
23
What is the remainder when 31656609 is divided by 1623?
1617
Calculate the remainder when 246848 is divided by 20554.
200
Calculate the remainder when 159539 is divided by 182.
107
Calculate the remainder when 12597726 is divided by 11643.
0
Calculate the remainder when 241390 is divided by 79733.
2191
Calculate the remainder when 1108273 is divided by 18784.
17
What is the remainder when 52970 is divided by 4003?
931
Calculate the remainder when 207519 is divided by 4826.
1
Calculate the remainder when 1253693 is divided by 3150.
3143
Calculate the remainder when 21044273 is divided by 3507374.
29
Calculate the remainder when 8510528 is divided by 44096.
0
What is the remainder when 3629765 is divided by 918?
911
What is the remainder when 76936 is divided by 1611?
1219
Calculate the remainder when 615086 is divided by 3307.
3291
Calculate the remainder when 9135 is divided by 414.
27
Calculate the remainder when 25946 is divided by 263.
172
What is the remainder when 2017862 is divided by 504444?
86
Calculate the remainder when 240825 is divided by 80271.
12
What is the remainder when 1393215178 is divided by 1633?
1632
What is the remainder when 16679 is divided by 655?
304
What is the remainder when 1603564 is divided by 1603333?
231
Calculate the remainder when 9575076 is divided by 174092.
16
Calculate the remainder when 49888712 is divided by 80.
72
Calculate the remainder when 38637 is divided by 7139.
2942
What is the remainder when 14937 is divided by 12769?
2168
What is the remainder when 290095 is divided by 8785?
190
Calculate the remainder when 580921 is divided by 4059.
484
Calculate the remainder when 99920 is divided by 49959.
2
Calculate the remainder when 122705722 is divided by 1227057.
22
What is the remainder when 11521621 is divided by 8478?
19
Calculate the remainder when 939968 is divided by 222.
20
What is the remainder when 3900722 is divided by 6978?
20
Calculate the remainder when 3858441 is divided by 6805.
6
Calculate the remai